{"id":2064,"date":"2022-05-09T08:31:36","date_gmt":"2022-05-09T08:31:36","guid":{"rendered":"https:\/\/www.allenvi.fr\/?page_id=2064"},"modified":"2022-09-02T13:46:35","modified_gmt":"2022-09-02T13:46:35","slug":"groupes-thematiques","status":"publish","type":"page","link":"https:\/\/ist.blogs.inrae.fr\/allenvi\/groupes-thematiques\/","title":{"rendered":"Groupes th\u00e9matiques"},"content":{"rendered":"\n<p>Les groupes th\u00e9matiques de l&rsquo;alliance sont compos\u00e9s d\u2019experts scientifiques mandat\u00e9s par les membres fondateurs et les membres associ\u00e9s, sp\u00e9cialistes des domaines concern\u00e9s.<\/p>\n\n\n\n<p>Ils sont charg\u00e9s d\u2019identifier les nouveaux d\u00e9fis scientifiques et techniques et de proposer des actions prioritaires \u00e0 mener pour les relever.<\/p>\n\n\n\n<p>Dans le cadre d\u2019une vaste r\u00e9flexion conduite en 2017 sur la structuration scientifique et la nouvelle forme d\u2019organisation que pourrait prendre l\u2019alliance, 7 groupes th\u00e9matiques (GT) ont \u00e9merg\u00e9, centr\u00e9s sur les grandes composantes du syst\u00e8me Terre (enveloppes fluides, solides et le vivant)&nbsp;:<\/p>\n\n\n\n<ul class=\"wp-block-list\"><li>Sols <\/li><li>Plantes<\/li><li>Oc\u00e9an \u00a0<\/li><li>Animaux<\/li><li>Terre Solide<\/li><li>Atmosph\u00e8re\u00a0<\/li><li>Eaux continentales.<\/li><\/ul>\n\n\n\n<p>Ces 7 groupes th\u00e9matiques, permanents, sont des lieux d\u2019\u00e9change inter-organismes, des communaut\u00e9s scientifiques travaillant sur les questions fondamentales centr\u00e9es sur l\u2019excellence disciplinaire et n\u00e9cessaires \u00e0 la compr\u00e9hension du fonctionnement et la mod\u00e9lisation du syst\u00e8me Terre.<\/p>\n\n\n\n<p>Le Conseil nomme 2 co-animateurs issus de deux organismes membres avec une lettre de mission pour un mandat de 3 ans renouvelable. Les membres des GT sont propos\u00e9s par les organismes, et repr\u00e9sentent leur organisme. Leurs missions principales sont d\u2019animer un domaine en synergie entre organismes, d\u2019\u00eatre force de proposition lors de l&rsquo;\u00e9laboration des textes des appels \u00e0 projets (ANR notamment, mais aussi Horizon Europe, JPI, Belmont Forum\u2026) et d\u2019aider l\u2019alliance \u00e0 r\u00e9pondre \u00e0 diverses saisines.<\/p>\n","protected":false},"excerpt":{"rendered":"<p>Les groupes th\u00e9matiques de l&rsquo;alliance sont compos\u00e9s d\u2019experts scientifiques mandat\u00e9s par les membres fondateurs et les membres associ\u00e9s, sp\u00e9cialistes des domaines concern\u00e9s. Ils sont charg\u00e9s d\u2019identifier les nouveaux d\u00e9fis scientifiques et techniques et de proposer des actions prioritaires \u00e0 mener pour les relever. Dans le cadre d\u2019une vaste r\u00e9flexion conduite en 2017 sur la structuration [&hellip;]<\/p>\n","protected":false},"author":1,"featured_media":0,"parent":0,"menu_order":0,"comment_status":"closed","ping_status":"closed","template":"","meta":{"_et_pb_use_builder":"off","_et_pb_old_content":"","_et_gb_content_width":"","inline_featured_image":false,"footnotes":""},"class_list":["post-2064","page","type-page","status-publish","hentry"],"yoast_head":"<!-- This site is optimized with the Yoast SEO plugin v27.4 - https:\/\/yoast.com\/product\/yoast-seo-wordpress\/ -->\n<title>Groupes th\u00e9matiques - Alliance Allenvi<\/title>\n<meta name=\"description\" content=\"Les groupes th\u00e9matiques de l&#039;alliance sont compos\u00e9s d\u2019experts scientifiques mandat\u00e9s par les membres fondateurs et les membres associ\u00e9s, sp\u00e9cialistes des domaines concern\u00e9s.\" \/>\n<meta name=\"robots\" content=\"noindex, follow, max-snippet:-1, max-image-preview:large, max-video-preview:-1\" \/>\n<meta property=\"og:locale\" content=\"fr_FR\" \/>\n<meta property=\"og:type\" content=\"article\" \/>\n<meta property=\"og:title\" content=\"Groupes th\u00e9matiques - Alliance Allenvi\" \/>\n<meta property=\"og:description\" content=\"Les groupes th\u00e9matiques de l&#039;alliance sont compos\u00e9s d\u2019experts scientifiques mandat\u00e9s par les membres fondateurs et les membres associ\u00e9s, sp\u00e9cialistes des domaines concern\u00e9s.\" \/>\n<meta property=\"og:url\" content=\"https:\/\/ist.blogs.inrae.fr\/allenvi\/groupes-thematiques\/\" \/>\n<meta property=\"og:site_name\" content=\"Alliance Allenvi\" \/>\n<meta property=\"article:modified_time\" content=\"2022-09-02T13:46:35+00:00\" \/>\n<meta name=\"twitter:card\" content=\"summary_large_image\" \/>\n<meta name=\"twitter:label1\" content=\"Dur\u00e9e de lecture estim\u00e9e\" \/>\n\t<meta name=\"twitter:data1\" content=\"2 minutes\" \/>\n<script type=\"application\/ld+json\" class=\"yoast-schema-graph\">{\"@context\":\"https:\\\/\\\/schema.org\",\"@graph\":[{\"@type\":\"WebPage\",\"@id\":\"https:\\\/\\\/ist.blogs.inrae.fr\\\/allenvi\\\/groupes-thematiques\\\/\",\"url\":\"https:\\\/\\\/ist.blogs.inrae.fr\\\/allenvi\\\/groupes-thematiques\\\/\",\"name\":\"Groupes th\u00e9matiques - Alliance Allenvi\",\"isPartOf\":{\"@id\":\"https:\\\/\\\/ist.blogs.inrae.fr\\\/allenvi\\\/#website\"},\"datePublished\":\"2022-05-09T08:31:36+00:00\",\"dateModified\":\"2022-09-02T13:46:35+00:00\",\"description\":\"Les groupes th\u00e9matiques de l'alliance sont compos\u00e9s d\u2019experts scientifiques mandat\u00e9s par les membres fondateurs et les membres associ\u00e9s, sp\u00e9cialistes des domaines concern\u00e9s.\",\"breadcrumb\":{\"@id\":\"https:\\\/\\\/ist.blogs.inrae.fr\\\/allenvi\\\/groupes-thematiques\\\/#breadcrumb\"},\"inLanguage\":\"fr-FR\",\"potentialAction\":[{\"@type\":\"ReadAction\",\"target\":[\"https:\\\/\\\/ist.blogs.inrae.fr\\\/allenvi\\\/groupes-thematiques\\\/\"]}]},{\"@type\":\"BreadcrumbList\",\"@id\":\"https:\\\/\\\/ist.blogs.inrae.fr\\\/allenvi\\\/groupes-thematiques\\\/#breadcrumb\",\"itemListElement\":[{\"@type\":\"ListItem\",\"position\":1,\"name\":\"Accueil\",\"item\":\"https:\\\/\\\/ist.blogs.inrae.fr\\\/allenvi\\\/\"},{\"@type\":\"ListItem\",\"position\":2,\"name\":\"Groupes th\u00e9matiques\"}]},{\"@type\":\"WebSite\",\"@id\":\"https:\\\/\\\/ist.blogs.inrae.fr\\\/allenvi\\\/#website\",\"url\":\"https:\\\/\\\/ist.blogs.inrae.fr\\\/allenvi\\\/\",\"name\":\"Alliance Allenvi\",\"description\":\"\",\"potentialAction\":[{\"@type\":\"SearchAction\",\"target\":{\"@type\":\"EntryPoint\",\"urlTemplate\":\"https:\\\/\\\/ist.blogs.inrae.fr\\\/allenvi\\\/?s={search_term_string}\"},\"query-input\":{\"@type\":\"PropertyValueSpecification\",\"valueRequired\":true,\"valueName\":\"search_term_string\"}}],\"inLanguage\":\"fr-FR\"}]}<\/script>\n<!-- \/ Yoast SEO plugin. -->","yoast_head_json":{"title":"Groupes th\u00e9matiques - Alliance Allenvi","description":"Les groupes th\u00e9matiques de l'alliance sont compos\u00e9s d\u2019experts scientifiques mandat\u00e9s par les membres fondateurs et les membres associ\u00e9s, sp\u00e9cialistes des domaines concern\u00e9s.","robots":{"index":"noindex","follow":"follow","max-snippet":"max-snippet:-1","max-image-preview":"max-image-preview:large","max-video-preview":"max-video-preview:-1"},"og_locale":"fr_FR","og_type":"article","og_title":"Groupes th\u00e9matiques - Alliance Allenvi","og_description":"Les groupes th\u00e9matiques de l'alliance sont compos\u00e9s d\u2019experts scientifiques mandat\u00e9s par les membres fondateurs et les membres associ\u00e9s, sp\u00e9cialistes des domaines concern\u00e9s.","og_url":"https:\/\/ist.blogs.inrae.fr\/allenvi\/groupes-thematiques\/","og_site_name":"Alliance Allenvi","article_modified_time":"2022-09-02T13:46:35+00:00","twitter_card":"summary_large_image","twitter_misc":{"Dur\u00e9e de lecture estim\u00e9e":"2 minutes"},"schema":{"@context":"https:\/\/schema.org","@graph":[{"@type":"WebPage","@id":"https:\/\/ist.blogs.inrae.fr\/allenvi\/groupes-thematiques\/","url":"https:\/\/ist.blogs.inrae.fr\/allenvi\/groupes-thematiques\/","name":"Groupes th\u00e9matiques - Alliance Allenvi","isPartOf":{"@id":"https:\/\/ist.blogs.inrae.fr\/allenvi\/#website"},"datePublished":"2022-05-09T08:31:36+00:00","dateModified":"2022-09-02T13:46:35+00:00","description":"Les groupes th\u00e9matiques de l'alliance sont compos\u00e9s d\u2019experts scientifiques mandat\u00e9s par les membres fondateurs et les membres associ\u00e9s, sp\u00e9cialistes des domaines concern\u00e9s.","breadcrumb":{"@id":"https:\/\/ist.blogs.inrae.fr\/allenvi\/groupes-thematiques\/#breadcrumb"},"inLanguage":"fr-FR","potentialAction":[{"@type":"ReadAction","target":["https:\/\/ist.blogs.inrae.fr\/allenvi\/groupes-thematiques\/"]}]},{"@type":"BreadcrumbList","@id":"https:\/\/ist.blogs.inrae.fr\/allenvi\/groupes-thematiques\/#breadcrumb","itemListElement":[{"@type":"ListItem","position":1,"name":"Accueil","item":"https:\/\/ist.blogs.inrae.fr\/allenvi\/"},{"@type":"ListItem","position":2,"name":"Groupes th\u00e9matiques"}]},{"@type":"WebSite","@id":"https:\/\/ist.blogs.inrae.fr\/allenvi\/#website","url":"https:\/\/ist.blogs.inrae.fr\/allenvi\/","name":"Alliance Allenvi","description":"","potentialAction":[{"@type":"SearchAction","target":{"@type":"EntryPoint","urlTemplate":"https:\/\/ist.blogs.inrae.fr\/allenvi\/?s={search_term_string}"},"query-input":{"@type":"PropertyValueSpecification","valueRequired":true,"valueName":"search_term_string"}}],"inLanguage":"fr-FR"}]}},"_links":{"self":[{"href":"https:\/\/ist.blogs.inrae.fr\/allenvi\/wp-json\/wp\/v2\/pages\/2064","targetHints":{"allow":["GET"]}}],"collection":[{"href":"https:\/\/ist.blogs.inrae.fr\/allenvi\/wp-json\/wp\/v2\/pages"}],"about":[{"href":"https:\/\/ist.blogs.inrae.fr\/allenvi\/wp-json\/wp\/v2\/types\/page"}],"author":[{"embeddable":true,"href":"https:\/\/ist.blogs.inrae.fr\/allenvi\/wp-json\/wp\/v2\/users\/1"}],"replies":[{"embeddable":true,"href":"https:\/\/ist.blogs.inrae.fr\/allenvi\/wp-json\/wp\/v2\/comments?post=2064"}],"version-history":[{"count":8,"href":"https:\/\/ist.blogs.inrae.fr\/allenvi\/wp-json\/wp\/v2\/pages\/2064\/revisions"}],"predecessor-version":[{"id":11016,"href":"https:\/\/ist.blogs.inrae.fr\/allenvi\/wp-json\/wp\/v2\/pages\/2064\/revisions\/11016"}],"wp:attachment":[{"href":"https:\/\/ist.blogs.inrae.fr\/allenvi\/wp-json\/wp\/v2\/media?parent=2064"}],"curies":[{"name":"wp","href":"https:\/\/api.w.org\/{rel}","templated":true}]}}