{"id":10,"date":"2021-12-06T08:12:07","date_gmt":"2021-12-06T08:12:07","guid":{"rendered":"https:\/\/www.allenvi.fr\/?page_id=10"},"modified":"2022-09-14T14:16:39","modified_gmt":"2022-09-14T14:16:39","slug":"qui-sommes-nous","status":"publish","type":"page","link":"https:\/\/ist.blogs.inrae.fr\/allenvi\/qui-sommes-nous\/","title":{"rendered":"Qui sommes-nous ?"},"content":{"rendered":"\n<p><strong>AllEnvi est l&rsquo;une des 5 alliances th\u00e9matiques de recherche fran\u00e7aises. Elle<\/strong> f\u00e9d\u00e8re, programme et coordonne la recherche environnementale fran\u00e7aise pour relever <strong>divers<\/strong> grands d\u00e9fis soci\u00e9taux \u2013 alimentation, eau, climat, biodiversit\u00e9, oc\u00e9an, risques \u2013 <strong>et<\/strong> <strong>anticiper<\/strong> leurs \u00e9volutions.<\/p>\n\n\n\n<p>De tels enjeux s\u2019inscrivent dans les Objectifs <strong>de<\/strong> d\u00e9veloppement durable (ODD) de l\u2019ONU, dans les actions partenariales d\u2019Horizon Europe <strong>ainsi que<\/strong> dans les r\u00e9flexions de l\u2019IPBES (Plateforme intergouvernementale scientifique et politique sur la biodiversit\u00e9 et les services \u00e9cosyst\u00e9miques) et du GIEC (Groupe d\u2019experts intergouvernemental sur l\u2019\u00e9volution du climat).<\/p>\n\n\n\n<p><strong>L&rsquo;alliance positionne son action dans le cadre d&rsquo;une \u00ab\u00a0Science de la durabilit\u00e9\u00a0\u00bb et dans la perspective d&rsquo;un \u00e9quilibre durable entre sant\u00e9 plan\u00e9taire et bien-\u00eatre humain.<\/strong><\/p>\n\n\n\n<p>Dans ce cadre programmatique, AllEnvi a pour missions de b\u00e2tir la programmation coordonn\u00e9e des actions scientifiques et technologiques des op\u00e9rateurs publics de la recherche les plus impliqu\u00e9s dans son domaine de comp\u00e9tences. Elle oeuvre \u00e0 la synchronisation de leurs efforts afin d&rsquo;aboutir \u00e0 un partenariat renforc\u00e9 et lisible. Cette visibilit\u00e9 accrue favorise le prolongement efficace des priorit\u00e9s et programmes nationaux dans les initiatives europ\u00e9ennes et internationales relevant du domaine.<\/p>\n\n\n\n<p><strong>AllEnvi<\/strong> s\u2019appuie sur la mobilisation des comp\u00e9tences de ses douze membres fondateurs et de ses <strong>onze<\/strong> membres associ\u00e9s, organismes publics<strong>, dont elle favorise les synergies.<\/strong> Cette large communaut\u00e9 multidisciplinaire enrichit les connaissances, con\u00e7oit des technologies innovantes et appr\u00e9hende de fa\u00e7on syst\u00e9mique l\u2019ensemble des enjeux relatifs \u00e0 l\u2019environnement.<\/p>\n","protected":false},"excerpt":{"rendered":"<p>AllEnvi est l&rsquo;une des 5 alliances th\u00e9matiques de recherche fran\u00e7aises. Elle f\u00e9d\u00e8re, programme et coordonne la recherche environnementale fran\u00e7aise pour relever divers grands d\u00e9fis soci\u00e9taux \u2013 alimentation, eau, climat, biodiversit\u00e9, oc\u00e9an, risques \u2013 et anticiper leurs \u00e9volutions. De tels enjeux s\u2019inscrivent dans les Objectifs de d\u00e9veloppement durable (ODD) de l\u2019ONU, dans les actions partenariales d\u2019Horizon [&hellip;]<\/p>\n","protected":false},"author":1,"featured_media":0,"parent":0,"menu_order":0,"comment_status":"closed","ping_status":"closed","template":"","meta":{"_et_pb_use_builder":"off","_et_pb_old_content":"","_et_gb_content_width":"","inline_featured_image":false,"footnotes":""},"class_list":["post-10","page","type-page","status-publish","hentry"],"yoast_head":"<!-- This site is optimized with the Yoast SEO plugin v27.4 - https:\/\/yoast.com\/product\/yoast-seo-wordpress\/ -->\n<title>Qui sommes-nous ? - Alliance Allenvi<\/title>\n<meta name=\"description\" content=\"AllEnvi est l&#039;une des 5 alliances th\u00e9matiques de recherche fran\u00e7aises. Elle f\u00e9d\u00e8re, programme et coordonne la recherche environnementale fran\u00e7aise pour relever divers grands d\u00e9fis soci\u00e9taux \u2013 alimentation, eau, climat, biodiversit\u00e9, oc\u00e9an, risques \u2013 et anticiper leurs \u00e9volutions.\" \/>\n<meta name=\"robots\" content=\"noindex, follow, max-snippet:-1, max-image-preview:large, max-video-preview:-1\" \/>\n<meta property=\"og:locale\" content=\"fr_FR\" \/>\n<meta property=\"og:type\" content=\"article\" \/>\n<meta property=\"og:title\" content=\"Qui sommes-nous ? - Alliance Allenvi\" \/>\n<meta property=\"og:description\" content=\"AllEnvi est l&#039;une des 5 alliances th\u00e9matiques de recherche fran\u00e7aises. Elle f\u00e9d\u00e8re, programme et coordonne la recherche environnementale fran\u00e7aise pour relever divers grands d\u00e9fis soci\u00e9taux \u2013 alimentation, eau, climat, biodiversit\u00e9, oc\u00e9an, risques \u2013 et anticiper leurs \u00e9volutions.\" \/>\n<meta property=\"og:url\" content=\"https:\/\/ist.blogs.inrae.fr\/allenvi\/qui-sommes-nous\/\" \/>\n<meta property=\"og:site_name\" content=\"Alliance Allenvi\" \/>\n<meta property=\"article:modified_time\" content=\"2022-09-14T14:16:39+00:00\" \/>\n<meta name=\"twitter:card\" content=\"summary_large_image\" \/>\n<meta name=\"twitter:label1\" content=\"Dur\u00e9e de lecture estim\u00e9e\" \/>\n\t<meta name=\"twitter:data1\" content=\"2 minutes\" \/>\n<script type=\"application\/ld+json\" class=\"yoast-schema-graph\">{\"@context\":\"https:\\\/\\\/schema.org\",\"@graph\":[{\"@type\":\"WebPage\",\"@id\":\"https:\\\/\\\/ist.blogs.inrae.fr\\\/allenvi\\\/qui-sommes-nous\\\/\",\"url\":\"https:\\\/\\\/ist.blogs.inrae.fr\\\/allenvi\\\/qui-sommes-nous\\\/\",\"name\":\"Qui sommes-nous ? - Alliance Allenvi\",\"isPartOf\":{\"@id\":\"https:\\\/\\\/ist.blogs.inrae.fr\\\/allenvi\\\/#website\"},\"datePublished\":\"2021-12-06T08:12:07+00:00\",\"dateModified\":\"2022-09-14T14:16:39+00:00\",\"description\":\"AllEnvi est l'une des 5 alliances th\u00e9matiques de recherche fran\u00e7aises. Elle f\u00e9d\u00e8re, programme et coordonne la recherche environnementale fran\u00e7aise pour relever divers grands d\u00e9fis soci\u00e9taux \u2013 alimentation, eau, climat, biodiversit\u00e9, oc\u00e9an, risques \u2013 et anticiper leurs \u00e9volutions.\",\"breadcrumb\":{\"@id\":\"https:\\\/\\\/ist.blogs.inrae.fr\\\/allenvi\\\/qui-sommes-nous\\\/#breadcrumb\"},\"inLanguage\":\"fr-FR\",\"potentialAction\":[{\"@type\":\"ReadAction\",\"target\":[\"https:\\\/\\\/ist.blogs.inrae.fr\\\/allenvi\\\/qui-sommes-nous\\\/\"]}]},{\"@type\":\"BreadcrumbList\",\"@id\":\"https:\\\/\\\/ist.blogs.inrae.fr\\\/allenvi\\\/qui-sommes-nous\\\/#breadcrumb\",\"itemListElement\":[{\"@type\":\"ListItem\",\"position\":1,\"name\":\"Accueil\",\"item\":\"https:\\\/\\\/ist.blogs.inrae.fr\\\/allenvi\\\/\"},{\"@type\":\"ListItem\",\"position\":2,\"name\":\"Qui sommes-nous ?\"}]},{\"@type\":\"WebSite\",\"@id\":\"https:\\\/\\\/ist.blogs.inrae.fr\\\/allenvi\\\/#website\",\"url\":\"https:\\\/\\\/ist.blogs.inrae.fr\\\/allenvi\\\/\",\"name\":\"Alliance Allenvi\",\"description\":\"\",\"potentialAction\":[{\"@type\":\"SearchAction\",\"target\":{\"@type\":\"EntryPoint\",\"urlTemplate\":\"https:\\\/\\\/ist.blogs.inrae.fr\\\/allenvi\\\/?s={search_term_string}\"},\"query-input\":{\"@type\":\"PropertyValueSpecification\",\"valueRequired\":true,\"valueName\":\"search_term_string\"}}],\"inLanguage\":\"fr-FR\"}]}<\/script>\n<!-- \/ Yoast SEO plugin. -->","yoast_head_json":{"title":"Qui sommes-nous ? - Alliance Allenvi","description":"AllEnvi est l'une des 5 alliances th\u00e9matiques de recherche fran\u00e7aises. Elle f\u00e9d\u00e8re, programme et coordonne la recherche environnementale fran\u00e7aise pour relever divers grands d\u00e9fis soci\u00e9taux \u2013 alimentation, eau, climat, biodiversit\u00e9, oc\u00e9an, risques \u2013 et anticiper leurs \u00e9volutions.","robots":{"index":"noindex","follow":"follow","max-snippet":"max-snippet:-1","max-image-preview":"max-image-preview:large","max-video-preview":"max-video-preview:-1"},"og_locale":"fr_FR","og_type":"article","og_title":"Qui sommes-nous ? - Alliance Allenvi","og_description":"AllEnvi est l'une des 5 alliances th\u00e9matiques de recherche fran\u00e7aises. Elle f\u00e9d\u00e8re, programme et coordonne la recherche environnementale fran\u00e7aise pour relever divers grands d\u00e9fis soci\u00e9taux \u2013 alimentation, eau, climat, biodiversit\u00e9, oc\u00e9an, risques \u2013 et anticiper leurs \u00e9volutions.","og_url":"https:\/\/ist.blogs.inrae.fr\/allenvi\/qui-sommes-nous\/","og_site_name":"Alliance Allenvi","article_modified_time":"2022-09-14T14:16:39+00:00","twitter_card":"summary_large_image","twitter_misc":{"Dur\u00e9e de lecture estim\u00e9e":"2 minutes"},"schema":{"@context":"https:\/\/schema.org","@graph":[{"@type":"WebPage","@id":"https:\/\/ist.blogs.inrae.fr\/allenvi\/qui-sommes-nous\/","url":"https:\/\/ist.blogs.inrae.fr\/allenvi\/qui-sommes-nous\/","name":"Qui sommes-nous ? - Alliance Allenvi","isPartOf":{"@id":"https:\/\/ist.blogs.inrae.fr\/allenvi\/#website"},"datePublished":"2021-12-06T08:12:07+00:00","dateModified":"2022-09-14T14:16:39+00:00","description":"AllEnvi est l'une des 5 alliances th\u00e9matiques de recherche fran\u00e7aises. Elle f\u00e9d\u00e8re, programme et coordonne la recherche environnementale fran\u00e7aise pour relever divers grands d\u00e9fis soci\u00e9taux \u2013 alimentation, eau, climat, biodiversit\u00e9, oc\u00e9an, risques \u2013 et anticiper leurs \u00e9volutions.","breadcrumb":{"@id":"https:\/\/ist.blogs.inrae.fr\/allenvi\/qui-sommes-nous\/#breadcrumb"},"inLanguage":"fr-FR","potentialAction":[{"@type":"ReadAction","target":["https:\/\/ist.blogs.inrae.fr\/allenvi\/qui-sommes-nous\/"]}]},{"@type":"BreadcrumbList","@id":"https:\/\/ist.blogs.inrae.fr\/allenvi\/qui-sommes-nous\/#breadcrumb","itemListElement":[{"@type":"ListItem","position":1,"name":"Accueil","item":"https:\/\/ist.blogs.inrae.fr\/allenvi\/"},{"@type":"ListItem","position":2,"name":"Qui sommes-nous ?"}]},{"@type":"WebSite","@id":"https:\/\/ist.blogs.inrae.fr\/allenvi\/#website","url":"https:\/\/ist.blogs.inrae.fr\/allenvi\/","name":"Alliance Allenvi","description":"","potentialAction":[{"@type":"SearchAction","target":{"@type":"EntryPoint","urlTemplate":"https:\/\/ist.blogs.inrae.fr\/allenvi\/?s={search_term_string}"},"query-input":{"@type":"PropertyValueSpecification","valueRequired":true,"valueName":"search_term_string"}}],"inLanguage":"fr-FR"}]}},"_links":{"self":[{"href":"https:\/\/ist.blogs.inrae.fr\/allenvi\/wp-json\/wp\/v2\/pages\/10","targetHints":{"allow":["GET"]}}],"collection":[{"href":"https:\/\/ist.blogs.inrae.fr\/allenvi\/wp-json\/wp\/v2\/pages"}],"about":[{"href":"https:\/\/ist.blogs.inrae.fr\/allenvi\/wp-json\/wp\/v2\/types\/page"}],"author":[{"embeddable":true,"href":"https:\/\/ist.blogs.inrae.fr\/allenvi\/wp-json\/wp\/v2\/users\/1"}],"replies":[{"embeddable":true,"href":"https:\/\/ist.blogs.inrae.fr\/allenvi\/wp-json\/wp\/v2\/comments?post=10"}],"version-history":[{"count":10,"href":"https:\/\/ist.blogs.inrae.fr\/allenvi\/wp-json\/wp\/v2\/pages\/10\/revisions"}],"predecessor-version":[{"id":11188,"href":"https:\/\/ist.blogs.inrae.fr\/allenvi\/wp-json\/wp\/v2\/pages\/10\/revisions\/11188"}],"wp:attachment":[{"href":"https:\/\/ist.blogs.inrae.fr\/allenvi\/wp-json\/wp\/v2\/media?parent=10"}],"curies":[{"name":"wp","href":"https:\/\/api.w.org\/{rel}","templated":true}]}}